at is 5 - 3621?
-3614
In base 5, what is -2 - -204?
202
In base 16, what is -23 - -41?
1e
In base 10, what is 4 - 15?
-11
In base 9, what is 2 - -437?
440
In base 4, what is 21 - -1010?
1031
In base 3, what is 22 - -20?
112
In base 14, what is -1b1 - 1?
-1b2
In base 3, what is -2 - -20212?
20210
In base 7, what is 0 + -12?
-12
In base 9, what is 382 - 21?
361
In base 14, what is -2 - 1671?
-1673
In base 15, what is 8 + -42?
-39
In base 16, what is 1 + -811?
-810
In base 3, what is 10 + 2100?
2110
In base 11, what is -1 + -4?
-5
In base 4, what is -3 + -11323?
-11332
In base 16, what is -186b - -1?
-186a
In base 16, what is 653 + 5?
658
In base 9, what is -2 - -250?
247
In base 3, what is 11 + -112?
-101
In base 7, what is -5 - -13244?
13236
In base 7, what is 2450 + -2?
2445
In base 7, what is 561 + 4?
565
In base 12, what is 79 - -3?
80
In base 4, what is -2030 + 31?
-1333
In base 2, what is -1001111 - -11?
-1001100
In base 6, what is 3401 + 4?
3405
In base 13, what is -6c4 - 5?
-6c9
In base 10, what is -4 - 782?
-786
In base 8, what is -10 - 115?
-125
In base 15, what is 2 - -92?
94
In base 2, what is 1 + -1111101?
-1111100
In base 7, what is 5 + -461?
-453
In base 14, what is 1b7 - 3?
1b4
In base 5, what is 12 + 331?
343
In base 2, what is 110 - -1001010?
1010000
In base 12, what is -101 + -4?
-105
In base 13, what is -a2 + 7?
-98
In base 6, what is -2 - 12135?
-12141
In base 7, what is -414 + -31?
-445
In base 14, what is 10 + 408?
418
In base 8, what is 6176 + 1?
6177
In base 15, what is -3c + 27?
-15
In base 8, what is 25 - 0?
25
In base 16, what is 2 - be?
-bc
In base 2, what is -100001 + 10010001?
1110000
In base 15, what is 67d - -5?
683
In base 10, what is -48 + 4?
-44
In base 7, what is -10 - -11?
1
In base 13, what is -5 + 30?
28
In base 5, what is 22 - 122?
-100
In base 13, what is 387 - 0?
387
In base 4, what is -30 - -2112?
2022
In base 10, what is 224 + -6?
218
In base 12, what is -23 - 46?
-69
In base 15, what is 1a + 15?
30
In base 4, what is -3 + -3333?
-10002
In base 2, what is -10 - -110011100100?
110011100010
In base 15, what is 308 - 5?
303
In base 4, what is 230000 + 2?
230002
In base 14, what is -4 - 71?
-75
In base 6, what is 5 - -44?
53
In base 8, what is -17 + 104?
65
In base 12, what is 131 - 2?
12b
In base 10, what is -145 + 24?
-121
In base 4, what is -2110 + -3?
-2113
In base 8, what is -1 + 4116?
4115
In base 16, what is -6 + 4f?
49
In base 12, what is -498 + -4?
-4a0
In base 2, what is -11 + 1001010011?
1001010000
In base 7, what is -32 - 36?
-101
In base 10, what is -300 - 2?
-302
In base 7, what is -2 - -60?
55
In base 11, what is 154 + -1?
153
In base 5, what is -31 + 3?
-23
In base 5, what is -110 + -23?
-133
In base 5, what is -30 + 20?
-10
In base 14, what is 2 + -d2?
-d0
In base 10, what is -276 - -15?
-261
In base 2, what is 10100000100 + -101?
10011111111
In base 12, what is 3 + -41?
-3a
In base 10, what is 7231 + -5?
7226
In base 11, what is 3 - -100?
103
In base 4, what is -1212 - -10?
-1202
In base 11, what is 5 + -7?
-2
In base 15, what is -1 - 110?
-111
In base 16, what is 19c - 3?
199
In base 8, what is -63 + 11?
-52
In base 9, what is -41741 + -2?
-41743
In base 11, what is -5 - 32?
-37
In base 12, what is 9 + 3?
10
In base 4, what is -103 - 3020?
-3123
In base 13, what is -1400 - -2?
-13cb
In base 12, what is 3 + 2110?
2113
In base 9, what is 1 - 316?
-315
In base 10, what is -14 + 22?
8
In base 3, what is -11101012 - -2?
-11101010
In base 12, what is 5 + -10a?
-105
In base 14, what is db3 + 0?
db3
In base 4, what is 11 - -1020?
1031
In base 5, what is 3 - -424?
432
In base 10, what is -3974 - 2?
-3976
In base 4, what is -3 - 1213332?
-1220001
In base 8, what is 25 + -6?
17
In base 15, what is 53a - 11?
529
In base 2, what is 1011 + 110010110?
110100001
In base 16, what is 1 + -6?
-5
In base 15, what is -817 - 3?
-81a
In base 4, what is 1033 + -2?
1031
In base 11, what is 193 + -1?
192
In base 11, what is -4 + aa?
a6
In base 16, what is 3 + -1d6?
-1d3
In base 16, what is -11 + f0?
df
In base 4, what is -1200 + -3?
-1203
In base 5, what is 1423 + 204?
2132
In base 8, what is 6 - 1330?
-1322
In base 5, what is 4 + 311?
320
In base 4, what is -1000 + -2?
-1002
In base 10, what is 981 - 0?
981
In base 8, what is 2 + 2165?
2167
In base 10, what is 31 + 27?
58
In base 6, what is -4 - -100?
52
In base 10, what is 7 - 1356?
-1349
In base 16, what is 4 - 2d?
-29
In base 8, what is 3 + -2631?
-2626
In base 15, what is -91d - -4?
-919
In base 16, what is 25 - -1f?
44
In base 6, what is 445 - 1?
444
In base 11, what is -11 + -4?
-15
In base 9, what is 72 - -13?
85
In base 15, what is 28 + -22?
6
In base 8, what is -3 - -376?
373
In base 5, what is -214 + 30?
-134
In base 5, what is 44 + -230?
-131
In base 2, what is 1010 + -1110100?
-1101010
In base 5, what is 1411 - -4?
1420
In base 5, what is -204 - -3?
-201
In base 16, what is 3c1 - -2?
3c3
In base 15, what is -e - -4?
-a
In base 13, what is 5 + -27c?
-277
In base 9, what is 14 + 202?
216
In base 4, what is 0 + 32?
32
In base 12, what is 244 + 8?
250
In base 6, what is 223 + -50?
133
In base 13, what is 5 - -a7b?
a83
In base 5, what is 2144 - 131?
2013
In base 14, what is -2 + -1bd?
-1c1
In base 4, what is 2103 - -3?
2112
In base 3, what is 2210221111 - -1?
2210221112
In base 14, what is 3 - d6?
-d3
In base 11, what is -2 - 1900?
-1902
In base 9, what is -3 + 3723?
3720
In base 3, what is 11 - 100012212?
-100012201
In base 10, what is 5 + -226?
-221
In base 11, what is -1 - -46?
45
In base 11, what is -1 + 139?
138
In base 2, what is -101 - 1100001?
-1100110
In base 13, what is 1 - 108?
-107
In base 12, what is 224 + -15?
20b
In base 14, what is 26 - -17?
3d
In base 11, what is 8 - -1135?
1142
In base 9, what is 230 - -2?
232
In base 3, what is 221002 + 12?
221021
In base 11, what is 3 + -198?
-195
In base 16, what is -28 - 0?
-28
In base 10, what is -31 + -145?
-176
In base 14, what is 8 + c?
16
In base 3, what is 0 + -2?
-2
In base 5, what is 40 + -1122?
-1032
In base 4, what is 21 - -201?
222
In base 9, what is -45 + -22?
-67
In base 16, what is -2 - 16?
-18
In base 5, what is 4221 - 10?
4211
In base 13, what is 925 + 7?
92c
In base 15, what is -2d + -1?
-2e
In base 3, what is 11 - 212?
-201
In base 14, what is -6b - 4?
-71
In base 8, what is -30 + 33?
3
In base 14, what is -23 - 34?
-57
In base 10, what is 3 - -359?
362
In base 6, what is -35 - -2043?
2004
In base 15, what is e01 - b?
de5
In base 7, what is 4 - 546?
-542
In base 8, what is -54 + -3?
-57
In base 8, what is 135 - 4?
131
In base 15, what is -75 - 47?
-bc
In base 14, what is 1 + 4a7?
4a8
In base 13, what is -4 - 14bb?
-14c2
In base 5, what is -10212 - 3?
-10220
In base 12, what is 58 + -2?
56
In base 5, what is -202 + -3?
-210
In base 4, what is 1301 - -1?
1302
In base 8, what is 635 + 3?
640
In base 12, what is 1 + -24?
-23
In base 4, what is -13220 + -300?
-20120
In base 10, what is -27 + -8?
-35
In base 6, what is 355 + 43?
442
In base 8, what is 35 + 202?
237
In base 15, what is 1 - 8a8?
-8a7
In base 16, what is -2 + 7?
5
In base 14, what is -4 + 2?
-2
In base 11, what is 0 - 17?
-17
In base 7, what is -35 + -5?
-43
In base 13, what is 0 + 64?
64
In base 12, what is -8 + 0?
-8
In base 16, what is -b + -51?
-5c
In base 13, what is 1 - 3b0?
-3ac
In base 3, what is 1200 - -110?
2010
In base 12, what is 259 - 1?
258
In base 16, what is -45 - 20?
-65
In base 9, what is -1515 - 2?
-1517
In base 7, what is -2 - 22136?
-22141
In base 4, what is 33 - 310?
-211
In base 5, what is -1 + -240?
-241
In base 4, what is 131000 + -11?
130323
In base 4, what is 13021 - 1?
13020
In base 3, what is 2210 + 11?
2221
In base 7, what is 3 + 665?
1001
In base 9, what is 4 + 1071?
1075
In base 9, what is 1 + -5?
-4
In base 12, what is 4 - -430?
434
In base 8, what is -3 - 246?
-251
In base 15, what is c2 - 0?
c2
In base 14, what is 30 + -4?
2a
In base 10, what is -2225 + -3?
-2228
In base 5, what is 34001 - -21?
34022
In base 10, what is 0 - 79?
-79
In base 5, what is 3 + -123?
-120
In base 8, what is -123 - 22?
-145
In base 15, what is -b5 + e?
-a6
In base 4, what is -3031 + 21?
-3010
In base 4, what is -1030 - 3?
-1033
In base 3, what is -12 + -10122?
-10211
In base 8, what is 11 + 270?
301
In base 5